g - -2. Let o(m) = -m + 11. What is the remainder when o(c) is divided by 3?
2
Suppose 4*s + 3*o = s + 57, -4*s + 91 = -o. Suppose -2*l - 12 = -d - 33, -2*l = -5*d - 41. Calculate the remainder when s is divided by l.
6
Let c(z) = z**3 - 12*z**2 + 11*z + 9. Suppose 5*t + 5 - 30 = 0. What is the remainder when c(11) is divided by t?
4
Let z be 217/4 - 6/(-8). Suppose 0 = -11*j + 6*j + z. Calculate the remainder when j is divided by 4.
3
Suppose 4*g = 3*s - 99, -s + 36 - 11 = -4*g. Calculate the remainder when s is divided by 13.
11
Suppose 0 = -2*t - 0*t + 40. Calculate the remainder when t is divided by 9.
2
Suppose -295*w + 290*w + 60 = 0. What is the remainder when w is divided by 3?
0
Let j = 10 - -4. Calculate the remainder when j is divided by 4.
2
Let f = -119 + 158. Calculate the remainder when 311 is divided by f.
38
Suppose -4*x + 100 = x. Suppose 2*z - 2*w - 40 = 0, x = 3*z + 2*w - 15. Calculate the remainder when z is divided by 8.
7
Let k(s) = s**2 - 6*s - 13. Suppose -q + 3 = -6. What is the remainder when 26 is divided by k(q)?
12
Let f(j) = -j + 8. Suppose q + 1 = -5. What is the remainder when (-6)/9 + (-316)/q is divided by f(-10)?
16
Let v = 27 + 2. Let k = v + -17. Calculate the remainder when 57 is divided by k.
9
Let m be (-2)/(-10) + -2 + 36/20. Let r(z) = 7*z. Let k be r(5). Suppose -s + 2*s - k = m. Calculate the remainder when s is divided by 12.
11
Let s = 6 - 9. Let p be (-8)/s*9/6. Suppose p*r - 35 = -r. What is the remainder when 20 is divided by r?
6
Let g(o) = -2*o - o + 10 + 4*o. What is the remainder when -1 + 0 - 4*-5 is divided by g(0)?
9
Suppose -11*d = -6*d - 470. Calculate the remainder when d is divided by 32.
30
Suppose -10*s + 262 = -158. What is the remainder when s is divided by 23?
19
Suppose 4*u - 2*u - 12 = 0. Calculate the remainder when u is divided by 3.
0
Suppose 4*h + 4*v - 76 = 0, -2*h + 62 = 3*v - 7*v. Calculate the remainder when h is divided by 12.
11
Let m = 20 - 9. Let h = -2 + m. What is the remainder when 26 is divided by h/6 + 15/2?
8
Suppose -10 + 145 = 5*s. What is the remainder when s is divided by 14?
13
Let h be 3/(3/53) - 0. Suppose -114 = 4*z - i, 2*z - 5*i + h - 5 = 0. Let l = z + 41. Calculate the remainder when 34 is divided by l.
10
Calculate the remainder when 40/24 - (-151)/3 is divided by 11.
8
Let o(c) = -c + 4. What is the remainder when 21 is divided by o(-4)?
5
Suppose 0 = 3*f + 2*b - 123, -3*f + 2*b + 141 = -2*b. What is the remainder when f is divided by 12?
7
Let x = -22 + 61. Let d(b) = -b**2 - 3*b - 2. Let s be d(-4). Let h(p) = p**3 + 6*p**2 - 2*p - 2. What is the remainder when x is divided by h(s)?
9
Let j(o) = 9 - o - o**3 - 1 + 4 + 0*o**2 + o**2. Let l = 12 + -5. Calculate the remainder when j(0) is divided by l.
5
Let i = -70 + 121. Calculate the remainder when i is divided by 18.
15
Let w = 47 - 38. What is the remainder when 26 is divided by w?
8
Suppose 5*z + f - 269 = z, 0 = -3*z - f + 201. What is the remainder when z is divided by 23?
22
Let i(c) = -2*c**2 - 2*c - 1. Let h be i(-1). Let q = h + 2. Calculate the remainder when 4 is divided by (q + -4)/(-3) + 2.
1
Suppose -4*w + 6 = -6*w. Let a = 15 + w. Suppose 2*d - 29 = 17. What is the remainder when d is divided by a?
11
Suppose -5*a + 6 = -9. Suppose -72 = -2*l + a*w, -4*l + 90 = -5*w - 50. Calculate the remainder when l is divided by 8.
6
Let t be 50/6 - 3/9. Let j = t + -5. Suppose 12 - 2 = 2*h. What is the remainder when h is divided by j?
2
Let t(l) = l. Let v be t(3). Suppose 0 = 5*y + v*b + b - 62, 0 = 3*y + 2*b - 36. What is the remainder when 18 is divided by (-2)/((-1)/y*2)?
8
Let f(z) = -z + 8. Let u(b) = 2*b**3 - 5*b**2 + 2*b - 1. Let s be ((-3)/4)/(2/(-8)). What is the remainder when u(s) is divided by f(0)?
6
Let a(k) = k**2 + 1. Let o(w) = -w**2 - 22*w - 9. Let d be o(-15). Suppose -3*b = -3 - d. What is the remainder when b is divided by a(-4)?
16
Let b(w) = w + 8 + 27 - 1 - w**3. Let y be b(0). Suppose 4*d = -4*v - 10 + y, v - 46 = -5*d. What is the remainder when d is divided by 6?
4
Suppose -2*z = -z - 5, -w = -4*z. Suppose -4*b + 0*l + l + 40 = 0, -2*b = -3*l - w. Calculate the remainder when 39 is divided by b.
9
Suppose -5*u + 5 = -q, -2*u - 25 = 4*q + q. What is the remainder when q/(25/(-34))*5 is divided by 12?
10
Let k = 2 - 1. Let m be 1*(0 + 0)/(-3). Suppose m = -2*o + o + 2. What is the remainder when o is divided by k?
0
Let c be ((-4)/(-6))/((-2)/(-18)). Let d = 9 - c. Let r = 17 - 9. What is the remainder when r is divided by d?
2
Suppose -4*r + 26 = 5*p - 6, -3*r = -4*p + 7. Suppose -95 = -2*l - r*l. What is the remainder when l is divided by 10?
9
Suppose -78 = 36*a - 38*a. What is the remainder when a is divided by 16?
7
Let x = 2 + 3. Suppose x*k - 10 = 25. Suppose -2*o = -o + 3*g - 23, -63 = -3*o - 3*g. Calculate the remainder when o is divided by k.
6
What is the remainder when 17 is divided by 6 - (3 + -7 + 0)?
7
Let t be 4/((-4)/(-3)) - -29. Calculate the remainder when t + -9 - 2/(-2) is divided by 13.
11
Let x = -16 + 21. Calculate the remainder when 41 is divided by -3 - (-21 + (x - 1)).
13
Suppose 0 = 5*w - 7*w + 14. Suppose 0 = -3*z + 3*d + 24, 2*z - z - 2*d = 13. What is the remainder when w is divided by z?
1
Let w(o) = 2*o**2 + 5*o + 5. Suppose 3*k = 3 - 0. Suppose -4*v + k - 17 = 0. What is the remainder when 33 is divided by w(v)?
16
Suppose -3*y = -3 - 3. Let n be 10/(36/17 - y). Suppose -7*d + 2*d + n = 0. What is the remainder when 49 is divided by d?
15
Let d = 28 + -19. Suppose c + c - 3*f - 77 = 0, 99 = 4*c + 5*f. Calculate the remainder when c is divided by 1/d*3*33.
9
Suppose -2*l + 7*l - 25 = 0. What is the remainder when 12 is divided by l?
2
Let x(y) = -y - 4. Let w be x(-8). Let l(p) = p + 3. What is the remainder when l(w) is divided by 2?
1
Let m(p) = p**3 + 3*p**2 - 7*p - 10. Calculate the remainder when 13 is divided by m(-4).
1
Let o = 5 + -1. Suppose 6*u - 18 = 3*u. Suppose -3*j + u = -0. What is the remainder when o is divided by j?
0
Let q = -14 - -23. What is the remainder when 0 - 4/((-12)/q) is divided by 1?
0
Calculate the remainder when ((-2)/3)/(2/(-60)) is divided by 8.
4
What is the remainder when (-3)/10*2 + 624/15 is divided by 12?
5
Let z(c) be the first derivative of -3*c**2 - 4*c - 4. What is the remainder when 15 is divided by z(-2)?
7
Let z(b) = -b**3 - 8*b**2 + 7*b - 12. Let h be z(-9). Let w be (-2)/(-3) - (-62)/h. Suppose 3*f = w - 2. What is the remainder when 5 is divided by f?
2
Let o(b) = b**2 - 4*b - 7. Let c be o(9). Suppose -n = -2*n + c. Calculate the remainder when n is divided by 14.
10
Suppose 3*r - 7 = 89. Calculate the remainder when r is divided by 10.
2
Let t = 7 - 9. Calculate the remainder when ((-10)/(-15))/(t/(-12)) is divided by 1 + 2 + 3/(-3).
0
Suppose 2*u - 32 = -5*v, -2*v - 12 = -4*u + v. Suppose 6*p = 4*p + 44. Suppose g = -g + p. What is the remainder when g is divided by u?
5
Let t(c) = 7*c + 16. Calculate the remainder when t(13) is divided by 28.
23
Let z(t) = -31*t - 1. Let s be z(-1). Let j = 43 - s. What is the remainder when 24 is divided by j?
11
Suppose -36 = g - 45. Suppose -22 = -u - 5. Calculate the remainder when u is divided by g.
8
Suppose -z - 65 = -6*z. Calculate the remainder when 36 is divided by z.
10
What is the remainder when (-1 - 4/6)*(7 - 130) is divided by 52?
49
Suppose -i = -5*i + 2*v + 86, -i = -5*v - 17. Calculate the remainder when 86 is divided by i.
20
Suppose 2*q + 0*q - 10 = 0. Let t(j) = -j + 10. Let l be t(8). What is the remainder when (27/(-12))/(l/(-8)) is divided by q?
4
Suppose -3*l = -5*p + 25, 0 = 3*p + 2*l - l - 1. Suppose -3*f + 3*k = -87, p*f - 7*f - 4*k = -127. What is the remainder when f is divided by 6?
3
Let z(i) = -i**2 - 2. Let n be z(4). Let l be n/15*-1*10. Suppose 5*a - 3 = l. Calculate the remainder when 7 is divided by a.
1
Calculate the remainder when ((230/(-3))/1)/((-44)/66) is divided by 15.
10
Let w = 73 - 44. What is the remainder when 81 is divided by w?
23
Let k(d) = d**2 + 6*d + 2. Suppose -3*y - 5*s = 31, -2*y + s = -6*y - 13. What is the remainder when (y/(-4))/((-1)/(-10)) is divided by k(-6)?
1
Suppose 0 = t - 2*d + 5 - 33, 2*t = -2*d + 26. What is the remainder when 88 is divided by t?
16
Let a = -7 + 12. Supp